{"id":721,"date":"2022-11-03T15:11:08","date_gmt":"2022-11-03T14:11:08","guid":{"rendered":"http:\/\/www.ratatoj.it\/?page_id=721"},"modified":"2022-11-03T15:11:08","modified_gmt":"2022-11-03T14:11:08","slug":"famiglie-in-gioco","status":"publish","type":"page","link":"https:\/\/www.ratatoj.it\/index.php\/famiglie-in-gioco\/","title":{"rendered":"Famiglie in gioco"},"content":{"rendered":"\n<p><strong>Famiglie in gioco<\/strong> &#8211; <em>Legami sociali e responsabilit\u00e0 digitale <\/em><strong><em><br><\/em><\/strong><\/p>\n\n\n\n<p>Progetto<em><strong> <\/strong><\/em>realizzato grazie al contributo del\u00a0<strong>Ministero del lavoro e delle politiche sociali\u00a0<\/strong><em>Direzione Generale del terzo settore e della responsabilit\u00e0 sociale delle imprese<\/em><strong>,<\/strong>\u00a0in collaborazione con\u00a0<strong>Regione Piemonte\u00a0<\/strong><em>Direzione Sanit\u00e0 e Welfare \u2013 Settore Politiche per i bambini, le famiglie, minori e giovani, sostegno alle situazioni di fragilit\u00e0 sociale<\/em> (Bando 5)<\/p>\n\n\n\n<p><em>Enti componenti della partnership interassociativa: <\/em><br><strong>B612 Lab APS (capofila del progetto), Ratatoj APS<\/strong><\/p>\n\n\n\n<p><strong>Enti Collaboratori:<\/strong><br><em>Comuni<\/em>: Comune di Saluzzo, Comune di Venasca, Comune di Isasca, Comune di Melle, Comune di Rifreddo, Comune di Sanfront, Comune di Paesana, Comune di Ostana, Comune di Barge. <em>Istituti comprensivi: <\/em>IC Saluzzo; IC Revello; IC Sanfront-Paesana; IC Barge; IC Verzuolo.<em> Altri soggetti: <\/em>Consorzio Monviso Solidale, Cooperativa Armonia, Fondazione Amleto Bertoni (Saluzzo), ODV Famiglie Insieme Per, Societ\u00e0 Solidale CSV di Cuneo.\u00a0<\/p>\n\n\n\n<p><strong>OBIETTIVI GENERALI DEL PROGETTO e AREE PRIORITARIE DI INTERVENTO (1.1 dell\u2019Avviso)&nbsp;<\/strong><\/p>\n\n\n\n<p><em>Fornire un&#8217;educazione di qualit\u00e0, equa ed inclusiva, e opportunit\u00e0 di apprendimento permanente per tutti: <\/em>sviluppo della cultura del volontariato, in particolare tra le famiglie; sviluppo dell\u2019integrazione sociale e dell\u2019educazione inclusiva. Sviluppo di azioni volte ai bisogni dell\u2019infanzia, non violenti e inclusivi per tutti, attraverso la metodologia della gamification.&nbsp;&nbsp;<\/p>\n\n\n\n<p><strong>OBIETTIVI SPECIFICI<\/strong><\/p>\n\n\n\n<ul><li>Aumentare il senso di comunit\u00e0 per migliorare le relazioni e l&#8217;appartenenza ai territori della popolazione locale attraverso nuove modalit\u00e0 di interazione; Gli approcci di&nbsp; gioco vengono cos\u00ec utilizzati per coinvolgere bambini e famiglie nella ri-attivazione dei legami sociali, verso modi pi\u00f9 collaborativi e sostenibili di progettare il modo di vivere la citt\u00e0&nbsp;&nbsp;<\/li><li>Diversificare le competenze anche attraverso una maggiore consapevolezza della responsabilit\u00e0 digitale e degli strumenti media per intervenire in modo efficace ai cambi di paradigma delle dinamiche sociali, anche a seguito della pandemia COVID.<\/li><li>Sviluppare una modalit\u00e0 di attivazione sociale e fruizione culturale mediante l\u2019applicazione della gamification nel contesto urbano che preveda un\u2019esperienza partecipativa attraverso l\u2019utilizzo di un gioco e delle sue&nbsp; meccaniche. Lo sviluppo di un videogioco mobile pu\u00f2 diventare il mezzo con cui i pi\u00f9 piccoli vengono accompagnati in un percorso partecipativo attivatore di canali emozionali che coinvolgano il beneficiario in modo attivo e consapevole.&nbsp;&nbsp;<\/li><\/ul>\n\n\n\n<p><strong>AZIONI PREVISTE<\/strong><\/p>\n\n\n\n<p><em>WP1. Tavolo di coordinamento<\/em><\/p>\n\n\n\n<p><em>WP2. Ingaggio<\/em>: azione svolta dagli operatori sociali per individuare, anche attraverso i contatti esistenti ed i contatti con gli enti locali, il target necessario ai fini del progetto&nbsp;<\/p>\n\n\n\n<p><em>WP3. Codesign e Co-realizzazione<\/em>: Utilizzo del linguaggio artistico per disegnare il processo di coinvolgimento dei bambini. Attivazione di una nuova strategia ludica on line e off line sostenendo il coinvolgimento e la partecipazione. Realizzazione di una versione beta di un videogioco ambientato e da giocare attraverso l\u2019interazione con il territorio (edutainment)<\/p>\n\n\n\n<p><em>WP4. Attivazione e sperimentazione game<\/em>: avvio dei laboratori partecipati, in collaborazione con gli studenti degli istituti comprensivi, interagendo tra la dimensione gioco on line e quella&nbsp; in presenza<\/p>\n\n\n\n<p><em>WP5. Formazione e Capacity Bulding<\/em>: prevede il lavoro congiunto dell\u2019operatore di comunit\u00e0 e dell\u2019operatore culturale, per lavorare insieme sui temi della <strong>consapevolezza digitale <\/strong>con i soggetti coinvolti. Successivamente saranno previste delle azioni di <strong>Capacity Building<\/strong> aperte all\u2019intera comunit\u00e0, con professionisti a vario titolo<br><em>WP6. Comunicazione e Disseminazione<\/em>: sviluppo di una strategia di comunicazione in&nbsp; una logica bottom up in affiancamento agli enti collaboratori.<\/p>\n","protected":false},"excerpt":{"rendered":"<p>Famiglie in gioco &#8211; Legami sociali e responsabilit\u00e0 digitale Progetto realizzato grazie al contributo del\u00a0Ministero del lavoro e delle politiche sociali\u00a0Direzione Generale del terzo settore e della responsabilit\u00e0 sociale delle imprese,\u00a0in collaborazione con\u00a0Regione Piemonte\u00a0Direzione Sanit\u00e0 e Welfare \u2013 Settore Politiche per i bambini, le famiglie, minori e giovani, sostegno alle situazioni di fragilit\u00e0 sociale (Bando [&hellip;]<\/p>\n","protected":false},"author":1,"featured_media":722,"parent":0,"menu_order":0,"comment_status":"closed","ping_status":"closed","template":"","meta":[],"_links":{"self":[{"href":"https:\/\/www.ratatoj.it\/index.php\/wp-json\/wp\/v2\/pages\/721"}],"collection":[{"href":"https:\/\/www.ratatoj.it\/index.php\/wp-json\/wp\/v2\/pages"}],"about":[{"href":"https:\/\/www.ratatoj.it\/index.php\/wp-json\/wp\/v2\/types\/page"}],"author":[{"embeddable":true,"href":"https:\/\/www.ratatoj.it\/index.php\/wp-json\/wp\/v2\/users\/1"}],"replies":[{"embeddable":true,"href":"https:\/\/www.ratatoj.it\/index.php\/wp-json\/wp\/v2\/comments?post=721"}],"version-history":[{"count":2,"href":"https:\/\/www.ratatoj.it\/index.php\/wp-json\/wp\/v2\/pages\/721\/revisions"}],"predecessor-version":[{"id":724,"href":"https:\/\/www.ratatoj.it\/index.php\/wp-json\/wp\/v2\/pages\/721\/revisions\/724"}],"wp:featuredmedia":[{"embeddable":true,"href":"https:\/\/www.ratatoj.it\/index.php\/wp-json\/wp\/v2\/media\/722"}],"wp:attachment":[{"href":"https:\/\/www.ratatoj.it\/index.php\/wp-json\/wp\/v2\/media?parent=721"}],"curies":[{"name":"wp","href":"https:\/\/api.w.org\/{rel}","templated":true}]}}